{"id":737,"date":"2016-05-20T17:01:59","date_gmt":"2016-05-20T17:01:59","guid":{"rendered":"https:\/\/milano.beantown.website\/?page_id=737"},"modified":"2025-07-09T16:53:38","modified_gmt":"2025-07-09T16:53:38","slug":"studio","status":"publish","type":"page","link":"https:\/\/www.scheelarquitectos.com\/?page_id=737","title":{"rendered":"Studio"},"content":{"rendered":"<section class=\"wpb-content-wrapper\"><p>[vc_row][vc_column]<style scoped><\/style><div class=\"w-section section-imp home_section_1 more_padding aligncenter \" style=\"background-image:url(https:\/\/www.scheelarquitectos.com\/wp-content\/uploads\/2016\/05\/studio.jpg);background-size:cover;background-attachment: fixed;background-position: 50% 50%; background-repeat: no-repeat;\" ><div class=\"section-overlay\" style=\"opacity:0.2;\"><\/div><div class=\"w-container flv_relative\">[vc_empty_space]<h1 class=\"inner-title\">Equipo<\/h1><div><img decoding=\"async\" src=\"https:\/\/www.scheelarquitectos.com\/wp-content\/themes\/milano\/images\/sub-handmade-c.png\" class=\"sub-handmade\"><\/div>[vc_empty_space]<\/div><\/div>[\/vc_column][\/vc_row][vc_row][vc_column]<style scoped><\/style><div class=\"w-section section-imp home_section_2 more_padding  \" style=\"background-image:url(https:\/\/www.scheelarquitectos.com\/wp-content\/uploads\/2016\/05\/line.png);background-size:contain;background-attachment: fixed;background-position: 100% 100%; background-repeat: no-repeatbackground-color:#fafafa;\" ><div class=\"w-container flv_container\"> <div data-duration-in=\"300\" data-duration-out=\"100\" class=\"w-tabs tabs\">\n          <div class=\"w-tab-menu tab-menu\">\n          <\/div>\n          <div class=\"w-tab-content\">\n             <div data-w-tab=\"Tab 1\" class=\"w-tab-pane w--tab-active\">\n              <p>[vc_column_text]Scheel Arquitectos es una oficina de arquitectura dedicada a la gesti\u00f3n, dise\u00f1o y administraci\u00f3n de edificaciones. Nuestro equipo de profesionales apasionados y experimentados trabaja con una visi\u00f3n clara: transformar ideas en espacios funcionales y est\u00e9ticamente excepcionales. Desde la planificaci\u00f3n inicial hasta la ejecuci\u00f3n final, nos enfocamos en cada detalle para asegurar que los proyectos no solo cumplan con las expectativas, sino que las superen.<\/p>\n<p>En Scheel Arquitectos, creemos en la importancia de la innovaci\u00f3n, la sostenibilidad y la excelencia en cada uno de nuestros proyectos. Estamos comprometidos a brindar soluciones arquitect\u00f3nicas que mejoren la calidad de vida y contribuyan al entorno construido de manera significativa.[\/vc_column_text]<\/p>\n            <\/div>\n<a data-w-tab=\"Tab 1\" class=\"w-tab-link w--current w-inline-block tab-link flv_to\"><div>vision<\/div><\/a> <div data-w-tab=\"Tab 2\" class=\"w-tab-pane\">\n              <p>[vc_column_text]We\u2019re here to help, we\u2019ve written examples of web copy for over 40 industries for you to use at concept phase of your projects to bring a little life and realism to your designs and help you think about who and what you are designing for.\u00a0We want clients and designers alike to think about their design and how it will work with the web copy.[\/vc_column_text]<\/p>\n            <\/div>\n          <a data-w-tab=\"Tab 2\" class=\"w-tab-link w-inline-block tab-link flv_to\"><div>manifesto<\/div><\/a> <div data-w-tab=\"Tab 3\" class=\"w-tab-pane\">\n              <p>[vc_column_text]In an ideal world this website wouldn\u2019t exist, a client would acknowledge the importance of having web copy before the design starts. Needless to say it\u2019s very important, content is king and people are beginning to understand that. However, back over in reality some project schedules and budgets don\u2019t allow for web copy to be written before the design phase.[\/vc_column_text]<\/p>\n            <\/div>\n          <a data-w-tab=\"Tab 3\" class=\"w-tab-link w-inline-block tab-link flv_to\"><div>Mision<\/div><\/a>\n          <\/div>\n        <\/div>[vc_empty_space height=\u00bb150px\u00bb]<div class=\"title-wrapper \">\n        <h2>Nuestro Equipo<\/h2>\n         <div class=\"sub-text-title\"><\/div><div><img decoding=\"async\" src=\"https:\/\/www.scheelarquitectos.com\/wp-content\/themes\/milano\/images\/sub-handmade.png\" class=\"sub-handmade\"><\/div><\/div>[vc_row_inner][vc_column_inner width=\u00bb1\/4&#8243; css=\u00bb.vc_custom_1463865022681{padding-right: 35px !important;padding-bottom: 35px !important;padding-left: 35px !important;}\u00bb offset=\u00bbvc_col-md-4 vc_col-xs-12&#8243;] <div class=\"owl-item\"><div class=\"wow fadeInUp\" data-wow-delay=\"0.2s\">\n            <div data-ix=\"show-team-content\" class=\"team-wrapper\"><img decoding=\"async\" src=\"https:\/\/www.scheelarquitectos.com\/wp-content\/uploads\/2024\/06\/Ronald.jpg\">\n              <div class=\"team-overlay\">\n                <div data-ix=\"move-up-team-contetn\" class=\"team-content\">\n                  <h4 class=\"team-name\">Ronald Scheel Bass<\/h4>\n                  <div class=\"portfolio-sub-title lighter\">Arquitecto Director<\/div>\n                  <div class=\"social-team\"><a href=\"#\" target=\"blank\" class=\"w-inline-block social-icon social-white facebook\">\n                      <i class=\"fa fa-facebook\"><\/i>\n                    <\/a><a href=\"#\" target=\"blank\" class=\"w-inline-block social-icon twitter social-white\">\n                      <i class=\"fa fa-twitter\"><\/i>\n                    <\/a><a href=\"#\" target=\"blank\" class=\"w-inline-block social-icon instagram social-white\">\n                      <i class=\"fa fa-instagram\"><\/i>\n                    <\/a><\/div>\n                <\/div>\n              <\/div>\n            <\/div>\n          <\/div>\n          <\/div>[\/vc_column_inner][vc_column_inner width=\u00bb1\/4&#8243; css=\u00bb.vc_custom_1463865007225{padding-right: 35px !important;padding-bottom: 35px !important;padding-left: 35px !important;}\u00bb offset=\u00bbvc_col-md-4 vc_col-xs-12&#8243;] <div class=\"owl-item\"><div class=\"wow fadeInUp\" data-wow-delay=\"0.4s\">\n            <div data-ix=\"show-team-content\" class=\"team-wrapper\"><img decoding=\"async\" src=\"https:\/\/www.scheelarquitectos.com\/wp-content\/uploads\/2025\/07\/martin.png\">\n              <div class=\"team-overlay\">\n                <div data-ix=\"move-up-team-contetn\" class=\"team-content\">\n                  <h4 class=\"team-name\">Mart\u00edn Riveros<\/h4>\n                  <div class=\"portfolio-sub-title lighter\">Arquitecto<\/div>\n                  <div class=\"social-team\"><a href=\"#\" target=\"blank\" class=\"w-inline-block social-icon social-white facebook\">\n                      <i class=\"fa fa-facebook\"><\/i>\n                    <\/a><a href=\"#\" target=\"blank\" class=\"w-inline-block social-icon twitter social-white\">\n                      <i class=\"fa fa-twitter\"><\/i>\n                    <\/a><a href=\"#\" target=\"blank\" class=\"w-inline-block social-icon instagram social-white\">\n                      <i class=\"fa fa-instagram\"><\/i>\n                    <\/a><\/div>\n                <\/div>\n              <\/div>\n            <\/div>\n          <\/div>\n          <\/div> <div class=\"owl-item\"><div class=\"wow fadeInUp\" data-wow-delay=\"0.4s\">\n            <div data-ix=\"show-team-content\" class=\"team-wrapper\"><img decoding=\"async\" src=\"https:\/\/www.scheelarquitectos.com\/wp-content\/uploads\/2025\/05\/cecilia.jpg\">\n              <div class=\"team-overlay\">\n                <div data-ix=\"move-up-team-contetn\" class=\"team-content\">\n                  <h4 class=\"team-name\">Cecilia Paredes<\/h4>\n                  <div class=\"portfolio-sub-title lighter\">Secretaria<\/div>\n                  <div class=\"social-team\"><a href=\"#\" target=\"blank\" class=\"w-inline-block social-icon social-white facebook\">\n                      <i class=\"fa fa-facebook\"><\/i>\n                    <\/a><a href=\"#\" target=\"blank\" class=\"w-inline-block social-icon twitter social-white\">\n                      <i class=\"fa fa-twitter\"><\/i>\n                    <\/a><a href=\"#\" target=\"blank\" class=\"w-inline-block social-icon instagram social-white\">\n                      <i class=\"fa fa-instagram\"><\/i>\n                    <\/a><\/div>\n                <\/div>\n              <\/div>\n            <\/div>\n          <\/div>\n          <\/div>[\/vc_column_inner][vc_column_inner width=\u00bb1\/4&#8243; css=\u00bb.vc_custom_1463864990558{padding-right: 35px !important;padding-left: 35px !important;}\u00bb offset=\u00bbvc_col-md-4 vc_col-xs-12&#8243;] <div class=\"owl-item\"><div class=\"wow fadeInUp\" data-wow-delay=\"0.6s\">\n            <div data-ix=\"show-team-content\" class=\"team-wrapper\"><img decoding=\"async\" src=\"https:\/\/www.scheelarquitectos.com\/wp-content\/uploads\/2025\/05\/andres.jpg\">\n              <div class=\"team-overlay\">\n                <div data-ix=\"move-up-team-contetn\" class=\"team-content\">\n                  <h4 class=\"team-name\">Andres Montalva<\/h4>\n                  <div class=\"portfolio-sub-title lighter\">Arquitecto<\/div>\n                  <div class=\"social-team\"><a href=\"#\" target=\"blank\" class=\"w-inline-block social-icon social-white facebook\">\n                      <i class=\"fa fa-facebook\"><\/i>\n                    <\/a><a href=\"#\" target=\"blank\" class=\"w-inline-block social-icon twitter social-white\">\n                      <i class=\"fa fa-twitter\"><\/i>\n                    <\/a><a href=\"#\" target=\"blank\" class=\"w-inline-block social-icon instagram social-white\">\n                      <i class=\"fa fa-instagram\"><\/i>\n                    <\/a><\/div>\n                <\/div>\n              <\/div>\n            <\/div>\n          <\/div>\n          <\/div>[\/vc_column_inner][vc_column_inner width=\u00bb1\/4&#8243;][\/vc_column_inner][\/vc_row_inner][vc_row_inner][vc_column_inner width=\u00bb1\/2&#8243; css=\u00bb.vc_custom_1463865007225{padding-right: 35px !important;padding-bottom: 35px !important;padding-left: 35px !important;}\u00bb offset=\u00bbvc_col-md-4 vc_col-xs-12&#8243;][\/vc_column_inner][\/vc_row_inner]<div class=\"title-wrapper \">\n        <h2>Seriedad y compromiso<\/h2>\n         <div class=\"sub-text-title\"><\/div><div><img decoding=\"async\" src=\"https:\/\/www.scheelarquitectos.com\/wp-content\/themes\/milano\/images\/sub-handmade.png\" class=\"sub-handmade\"><\/div><\/div><\/div><\/div>[\/vc_column][\/vc_row]<\/p>\n<\/section>","protected":false},"excerpt":{"rendered":"<p>[vc_row][vc_column][\/vc_column][\/vc_row][vc_row][vc_column][\/vc_column][\/vc_row]<\/p>\n","protected":false},"author":1,"featured_media":0,"parent":0,"menu_order":0,"comment_status":"closed","ping_status":"closed","template":"fullwidth-template.php","meta":{"footnotes":""},"class_list":["post-737","page","type-page","status-publish","hentry"],"yoast_head":"<!-- This site is optimized with the Yoast SEO plugin v25.0 - https:\/\/yoast.com\/wordpress\/plugins\/seo\/ -->\n<title>Studio - Scheel Arquitectos<\/title>\n<meta name=\"robots\" content=\"index, follow, max-snippet:-1, max-image-preview:large, max-video-preview:-1\" \/>\n<link rel=\"canonical\" href=\"https:\/\/www.scheelarquitectos.com\/?page_id=737\" \/>\n<meta property=\"og:locale\" content=\"es_ES\" \/>\n<meta property=\"og:type\" content=\"article\" \/>\n<meta property=\"og:title\" content=\"Studio - Scheel Arquitectos\" \/>\n<meta property=\"og:description\" content=\"[vc_row][vc_column][\/vc_column][\/vc_row][vc_row][vc_column][\/vc_column][\/vc_row]\" \/>\n<meta property=\"og:url\" content=\"https:\/\/www.scheelarquitectos.com\/?page_id=737\" \/>\n<meta property=\"og:site_name\" content=\"Scheel Arquitectos\" \/>\n<meta property=\"article:modified_time\" content=\"2025-07-09T16:53:38+00:00\" \/>\n<meta name=\"twitter:card\" content=\"summary_large_image\" \/>\n<meta name=\"twitter:label1\" content=\"Tiempo de lectura\" \/>\n\t<meta name=\"twitter:data1\" content=\"2 minutos\" \/>\n<script type=\"application\/ld+json\" class=\"yoast-schema-graph\">{\"@context\":\"https:\/\/schema.org\",\"@graph\":[{\"@type\":\"WebPage\",\"@id\":\"https:\/\/www.scheelarquitectos.com\/?page_id=737\",\"url\":\"https:\/\/www.scheelarquitectos.com\/?page_id=737\",\"name\":\"Studio - Scheel Arquitectos\",\"isPartOf\":{\"@id\":\"https:\/\/www.scheelarquitectos.com\/#website\"},\"datePublished\":\"2016-05-20T17:01:59+00:00\",\"dateModified\":\"2025-07-09T16:53:38+00:00\",\"breadcrumb\":{\"@id\":\"https:\/\/www.scheelarquitectos.com\/?page_id=737#breadcrumb\"},\"inLanguage\":\"es\",\"potentialAction\":[{\"@type\":\"ReadAction\",\"target\":[\"https:\/\/www.scheelarquitectos.com\/?page_id=737\"]}]},{\"@type\":\"BreadcrumbList\",\"@id\":\"https:\/\/www.scheelarquitectos.com\/?page_id=737#breadcrumb\",\"itemListElement\":[{\"@type\":\"ListItem\",\"position\":1,\"name\":\"Portada\",\"item\":\"https:\/\/www.scheelarquitectos.com\/\"},{\"@type\":\"ListItem\",\"position\":2,\"name\":\"Studio\"}]},{\"@type\":\"WebSite\",\"@id\":\"https:\/\/www.scheelarquitectos.com\/#website\",\"url\":\"https:\/\/www.scheelarquitectos.com\/\",\"name\":\"Scheel Arquitectos\",\"description\":\"\",\"potentialAction\":[{\"@type\":\"SearchAction\",\"target\":{\"@type\":\"EntryPoint\",\"urlTemplate\":\"https:\/\/www.scheelarquitectos.com\/?s={search_term_string}\"},\"query-input\":{\"@type\":\"PropertyValueSpecification\",\"valueRequired\":true,\"valueName\":\"search_term_string\"}}],\"inLanguage\":\"es\"}]}<\/script>\n<!-- \/ Yoast SEO plugin. -->","yoast_head_json":{"title":"Studio - Scheel Arquitectos","robots":{"index":"index","follow":"follow","max-snippet":"max-snippet:-1","max-image-preview":"max-image-preview:large","max-video-preview":"max-video-preview:-1"},"canonical":"https:\/\/www.scheelarquitectos.com\/?page_id=737","og_locale":"es_ES","og_type":"article","og_title":"Studio - Scheel Arquitectos","og_description":"[vc_row][vc_column][\/vc_column][\/vc_row][vc_row][vc_column][\/vc_column][\/vc_row]","og_url":"https:\/\/www.scheelarquitectos.com\/?page_id=737","og_site_name":"Scheel Arquitectos","article_modified_time":"2025-07-09T16:53:38+00:00","twitter_card":"summary_large_image","twitter_misc":{"Tiempo de lectura":"2 minutos"},"schema":{"@context":"https:\/\/schema.org","@graph":[{"@type":"WebPage","@id":"https:\/\/www.scheelarquitectos.com\/?page_id=737","url":"https:\/\/www.scheelarquitectos.com\/?page_id=737","name":"Studio - Scheel Arquitectos","isPartOf":{"@id":"https:\/\/www.scheelarquitectos.com\/#website"},"datePublished":"2016-05-20T17:01:59+00:00","dateModified":"2025-07-09T16:53:38+00:00","breadcrumb":{"@id":"https:\/\/www.scheelarquitectos.com\/?page_id=737#breadcrumb"},"inLanguage":"es","potentialAction":[{"@type":"ReadAction","target":["https:\/\/www.scheelarquitectos.com\/?page_id=737"]}]},{"@type":"BreadcrumbList","@id":"https:\/\/www.scheelarquitectos.com\/?page_id=737#breadcrumb","itemListElement":[{"@type":"ListItem","position":1,"name":"Portada","item":"https:\/\/www.scheelarquitectos.com\/"},{"@type":"ListItem","position":2,"name":"Studio"}]},{"@type":"WebSite","@id":"https:\/\/www.scheelarquitectos.com\/#website","url":"https:\/\/www.scheelarquitectos.com\/","name":"Scheel Arquitectos","description":"","potentialAction":[{"@type":"SearchAction","target":{"@type":"EntryPoint","urlTemplate":"https:\/\/www.scheelarquitectos.com\/?s={search_term_string}"},"query-input":{"@type":"PropertyValueSpecification","valueRequired":true,"valueName":"search_term_string"}}],"inLanguage":"es"}]}},"_links":{"self":[{"href":"https:\/\/www.scheelarquitectos.com\/index.php?rest_route=\/wp\/v2\/pages\/737","targetHints":{"allow":["GET"]}}],"collection":[{"href":"https:\/\/www.scheelarquitectos.com\/index.php?rest_route=\/wp\/v2\/pages"}],"about":[{"href":"https:\/\/www.scheelarquitectos.com\/index.php?rest_route=\/wp\/v2\/types\/page"}],"author":[{"embeddable":true,"href":"https:\/\/www.scheelarquitectos.com\/index.php?rest_route=\/wp\/v2\/users\/1"}],"replies":[{"embeddable":true,"href":"https:\/\/www.scheelarquitectos.com\/index.php?rest_route=%2Fwp%2Fv2%2Fcomments&post=737"}],"version-history":[{"count":12,"href":"https:\/\/www.scheelarquitectos.com\/index.php?rest_route=\/wp\/v2\/pages\/737\/revisions"}],"predecessor-version":[{"id":1339,"href":"https:\/\/www.scheelarquitectos.com\/index.php?rest_route=\/wp\/v2\/pages\/737\/revisions\/1339"}],"wp:attachment":[{"href":"https:\/\/www.scheelarquitectos.com\/index.php?rest_route=%2Fwp%2Fv2%2Fmedia&parent=737"}],"curies":[{"name":"wp","href":"https:\/\/api.w.org\/{rel}","templated":true}]}}